ctor of 20930 and 1794?
598
Calculate the highest common factor of 470 and 270.
10
Calculate the greatest common divisor of 8064 and 261184.
448
Calculate the greatest common divisor of 45637 and 6797.
971
Calculate the greatest common divisor of 16 and 17504.
16
Calculate the greatest common divisor of 139806 and 540.
54
What is the greatest common factor of 15 and 5505?
15
Calculate the highest common divisor of 27 and 690633.
27
Calculate the highest common factor of 8064 and 93114.
126
What is the greatest common factor of 8494 and 13974?
274
Calculate the highest common factor of 243 and 4047.
3
What is the highest common divisor of 5875 and 15175?
25
What is the greatest common factor of 59313 and 425?
17
Calculate the highest common factor of 570 and 6690.
30
What is the greatest common factor of 2490 and 489534?
498
What is the greatest common divisor of 114722 and 7258?
38
Calculate the greatest common factor of 5719 and 37506.
133
What is the highest common factor of 84331 and 559?
13
Calculate the highest common divisor of 244 and 3273748.
244
Calculate the greatest common factor of 437255 and 455.
455
Calculate the highest common divisor of 891204 and 552.
276
What is the highest common divisor of 13442 and 858?
286
Calculate the highest common factor of 4928 and 5236.
308
Calculate the highest common divisor of 998625 and 125.
125
Calculate the greatest common divisor of 10373 and 458216.
451
What is the greatest common divisor of 1263528 and 5886?
1962
Calculate the highest common factor of 35 and 197050.
35
Calculate the highest common divisor of 63204 and 2070.
138
What is the highest common divisor of 1556 and 2864?
4
Calculate the highest common factor of 20966 and 66.
22
What is the greatest common divisor of 10 and 21195?
5
Calculate the greatest common factor of 83 and 7417.
1
Calculate the greatest common factor of 961 and 1.
1
What is the greatest common factor of 62759 and 20057?
647
What is the greatest common factor of 14624 and 79061?
457
Calculate the greatest common divisor of 158465 and 205.
205
What is the highest common factor of 5410 and 2450?
10
Calculate the greatest common factor of 2014 and 23294.
38
Calculate the greatest common divisor of 11151 and 819.
63
What is the greatest common divisor of 10 and 5056540?
10
What is the highest common factor of 311568 and 144?
48
Calculate the highest common factor of 2468905 and 694.
347
Calculate the highest common divisor of 1345979 and 19.
19
Calculate the greatest common divisor of 292 and 2182481.
73
Calculate the greatest common divisor of 551 and 12445.
19
Calculate the highest common factor of 120521 and 1893.
631
Calculate the highest common divisor of 2156 and 2024.
44
Calculate the highest common factor of 1764 and 1372196.
196
Calculate the highest common divisor of 100280 and 7360.
920
Calculate the highest common divisor of 5426734 and 478.
478
Calculate the greatest common divisor of 75663 and 9.
9
What is the greatest common factor of 68 and 102187?
17
What is the highest common divisor of 102 and 26758?
34
Calculate the greatest common factor of 545232 and 296.
296
Calculate the highest common factor of 715 and 6006.
143
What is the greatest common divisor of 112008 and 312?
312
Calculate the highest common factor of 633 and 1659.
3
Calculate the greatest common factor of 568 and 2365720.
568
Calculate the highest common divisor of 9 and 3909447.
9
Calculate the greatest common divisor of 8679 and 4125.
33
What is the highest common factor of 584073 and 127?
127
Calculate the highest common divisor of 10 and 20000.
10
What is the highest common factor of 90 and 6380?
10
Calculate the highest common divisor of 385 and 10430.
35
Calculate the greatest common factor of 72684 and 1422.
18
Calculate the greatest common divisor of 11017 and 115.
23
What is the greatest common divisor of 815936 and 549?
61
What is the highest common factor of 30 and 2150290?
10
What is the highest common divisor of 6 and 1754?
2
Calculate the highest common divisor of 118680 and 688.
344
Calculate the highest common divisor of 4303 and 2665.
13
What is the highest common factor of 4564 and 6020?
28
What is the greatest common factor of 2876 and 44?
4
Calculate the greatest common divisor of 293309 and 393.
131
Calculate the highest common divisor of 4658211 and 513.
171
Calculate the greatest common divisor of 4 and 20872.
4
Calculate the highest common factor of 48 and 2748.
12
What is the highest common divisor of 90000 and 32?
16
What is the greatest common divisor of 4562 and 2?
2
What is the greatest common factor of 8 and 706924?
4
What is the greatest common factor of 228 and 6497544?
228
What is the greatest common factor of 74863 and 43?
43
Calculate the highest common divisor of 24838 and 2112.
22
What is the highest common divisor of 57 and 6599498?
19
Calculate the greatest common divisor of 51800 and 296.
296
What is the greatest common factor of 30544 and 1162?
166
Calculate the greatest common divisor of 243870 and 660.
330
Calculate the greatest common divisor of 459 and 309069.
27
Calculate the greatest common factor of 4234 and 1168.
146
What is the greatest common factor of 11822 and 7130?
46
What is the greatest common factor of 625 and 400625?
625
Calculate the greatest common factor of 101223 and 4727.
163
Calculate the greatest common divisor of 815683 and 319.
319
Calculate the greatest common factor of 1380 and 101154.
138
What is the highest common divisor of 11206 and 3627?
13
Calculate the greatest common divisor of 110052 and 540.
108
Calculate the highest common factor of 28054 and 26.
26
Calculate the greatest common divisor of 36 and 65925.
9
What is the highest common factor of 41 and 351001?
41
Calculate the greatest common divisor of 93 and 8835.
93
What is the greatest common divisor of 16 and 80872?
8
What is the greatest common divisor of 610861 and 34?
17
Calculate the greatest common factor of 80 and 310840.
40
Calculate the highest common divisor of 5489 and 2994.
499
Calculate the highest common divisor of 10021 and 44.
11
Calculate the highest common factor of 3686 and 1976.
38
What is the greatest common factor of 372260 and 140?
140
Calculate the highest common divisor of 16801 and 159.
53
Calculate the greatest common factor of 1075192 and 16.
8
What is the greatest common divisor of 2480 and 2000?
80
What is the highest common divisor of 577416 and 784?
392
What is the greatest common factor of 4117866 and 366?
366
Calculate the greatest common factor of 43380 and 54.
18
What is the highest common factor of 4896 and 300?
12
What is the greatest common factor of 704 and 4114?
22
Calculate the highest common divisor of 843 and 19670.
281
What is the highest common divisor of 715168 and 4?
4
Calculate the highest common divisor of 1124 and 20513.
281
What is the greatest common divisor of 3185 and 41860?
455
Calculate the greatest common divisor of 230824 and 22.
22
Calculate the greatest common divisor of 1603 and 1589.
7
Calculate the highest common divisor of 5664 and 1248.
96
Calculate the greatest common factor of 176231 and 1221.
407
What is the greatest common divisor of 6 and 72966?
6
What is the greatest common factor of 7904 and 400634?
494
What is the greatest common divisor of 62326 and 22?
22
Calculate the greatest common factor of 30 and 12790.
10
Calculate the highest common divisor of 93789 and 459.
153
Calculate the greatest common factor of 51 and 1103.
1
What is the highest common divisor of 255 and 457065?
15
What is the greatest common factor of 22 and 59114?
22
Calculate the greatest common factor of 41210 and 10972.
26
What is the greatest common factor of 6132 and 106540?
28
What is the greatest common factor of 960 and 345?
15
What is the greatest common factor of 1370142 and 486?
54
Calculate the highest common factor of 3016 and 200.
8
Calculate the greatest common factor of 8 and 428984.
8
Calculate the greatest common divisor of 11475 and 4131.
459
What is the greatest common factor of 11880 and 4554?
198
What is the highest common divisor of 189958 and 1184?
74
Calculate the greatest common factor of 806 and 54262.
26
What is the greatest common factor of 38704 and 1148?
164
Calculate the greate